{"id":15280,"date":"2020-04-23T21:00:24","date_gmt":"2020-04-23T19:00:24","guid":{"rendered":"http:\/\/test.erl-braeu.de\/?page_id=15280"},"modified":"2026-04-09T13:22:37","modified_gmt":"2026-04-09T11:22:37","slug":"tradition","status":"publish","type":"page","link":"https:\/\/www.erl-braeu.de\/brauerei\/tradition\/","title":{"rendered":"Unsere Familientradition"},"content":{"rendered":"<div class=\"wpb-content-wrapper\"><p>[vc_row css_animation=&#8220;&#8220; row_type=&#8220;row&#8220; use_row_as_full_screen_section=&#8220;no&#8220; type=&#8220;full_width&#8220; angled_section=&#8220;no&#8220; text_align=&#8220;left&#8220; background_image_as_pattern=&#8220;without_pattern&#8220;][vc_column]<div class=\"qode-workflow  qode-workflow-animate\">\n    <span class=\"main-line\" style=\"background-color:#036b31;\"><\/span>\n    <div class=\"qode-workflow-item\">\n    <span class=\"line\" style=\"\"><\/span>\n    <div class=\"qode-workflow-item-inner \">\n        <div class=\"qode-workflow-image center\">\n            <img loading=\"lazy\" decoding=\"async\" width=\"1200\" height=\"800\" src=\"https:\/\/i0.wp.com\/www.erl-braeu.de\/brauerei\/wp-content\/uploads\/2024\/05\/Portraet_2024.jpg?fit=1200%2C800&amp;ssl=1\" class=\"attachment-full size-full\" alt=\"Bild vom Josef Erl vor der Zapfanlage\" srcset=\"https:\/\/i0.wp.com\/www.erl-braeu.de\/brauerei\/wp-content\/uploads\/2024\/05\/Portraet_2024.jpg?w=1200&amp;ssl=1 1200w, https:\/\/i0.wp.com\/www.erl-braeu.de\/brauerei\/wp-content\/uploads\/2024\/05\/Portraet_2024.jpg?resize=300%2C200&amp;ssl=1 300w, https:\/\/i0.wp.com\/www.erl-braeu.de\/brauerei\/wp-content\/uploads\/2024\/05\/Portraet_2024.jpg?resize=1024%2C683&amp;ssl=1 1024w, https:\/\/i0.wp.com\/www.erl-braeu.de\/brauerei\/wp-content\/uploads\/2024\/05\/Portraet_2024.jpg?resize=768%2C512&amp;ssl=1 768w, https:\/\/i0.wp.com\/www.erl-braeu.de\/brauerei\/wp-content\/uploads\/2024\/05\/Portraet_2024.jpg?resize=700%2C467&amp;ssl=1 700w\" sizes=\"auto, (max-width: 1060px) 100vw, 1060px\" \/>        <\/div>\n        <div class=\"qode-workflow-text\">\n            <span class=\"circle\" style=\"\"><\/span>\n                            <h2>2024<\/h2>\n                                        <h3 class=\"qode-workflow-subtitle\">Die ersten drei Jahre in der 6. Generation<\/h3>\n                                        <p class=\"text\">Nach drei herausfordernden Jahren sind Brauereibetrieb und Bierabsatz wieder so weit stabilisiert, dass neben der t\u00e4glichen Arbeit an Bier und Kundenbeziehungen wieder langfristige Ziele im Mittelpunkt stehen: der nachhaltige Betrieb und der Erhalt unserer historischen Brauereibauten mit allen Erweiterungen und technischen Anlagen. Unser besonderer Dank gilt dem gesamten Team, unseren Kunden und Gesch\u00e4ftspartnern, die uns im regionalen Biermarkt unterst\u00fctzen und uns auch unter anspruchsvolleren Wettbewerbsbedingungen die Treue halten. Prost auf Eich und ERLiche Gr\u00fc\u00dfe aus Geiselh\u00f6ring, Josef Erl, Braumeister und Inhaber<\/p>\n                    <\/div>\n    <\/div>\n<\/div><div class=\"qode-workflow-item\">\n    <span class=\"line\" style=\"background-color:#036b31;\"><\/span>\n    <div class=\"qode-workflow-item-inner reverse\">\n        <div class=\"qode-workflow-image right\">\n            <img loading=\"lazy\" decoding=\"async\" width=\"600\" height=\"400\" src=\"https:\/\/i0.wp.com\/www.erl-braeu.de\/brauerei\/wp-content\/uploads\/2020\/04\/Ludwig_Josef_Erl.jpg?fit=600%2C400&amp;ssl=1\" class=\"attachment-full size-full\" alt=\"\u00dcbergab\" srcset=\"https:\/\/i0.wp.com\/www.erl-braeu.de\/brauerei\/wp-content\/uploads\/2020\/04\/Ludwig_Josef_Erl.jpg?w=600&amp;ssl=1 600w, https:\/\/i0.wp.com\/www.erl-braeu.de\/brauerei\/wp-content\/uploads\/2020\/04\/Ludwig_Josef_Erl.jpg?resize=300%2C200&amp;ssl=1 300w\" sizes=\"auto, (max-width: 600px) 100vw, 600px\" \/>        <\/div>\n        <div class=\"qode-workflow-text\">\n            <span class=\"circle\" style=\"background-color:#036b31;\"><\/span>\n                            <h2>2021<\/h2>\n                                        <h3 class=\"qode-workflow-subtitle\">150 Jahre Jubil\u00e4um und \u00dcbergabe<\/h3>\n                                        <p class=\"text\">Die seit dem 22.03.1871 existierende Landbrauerei wird nun von Josef II. Erl weitergef\u00fchrt. In den vergangenen Jahren als Braumeister hat er die Brauereianlagen und Technik laufend modernisiert. Dies umfasst den Bereich Sudhaus, G\u00e4r- und Lagerkeller sowie die Verwaltung. Des Weiteren wurde der Drucktankkeller erweitert. Mit der \u00dcbernahme der Brauerei tritt er damit in die Fu\u00dfstapfen seines Vaters und seiner beiden Gro\u00dfv\u00e4ter und f\u00fchrt die Brautradition der Familien Erl, Geiselh\u00f6ring und Klinkenberg, Aachen, fort. Er repr\u00e4sentiert die 13. Familiengeneration und die sechste Brauereigeneration als Erl-Br\u00e4u, Geiselh\u00f6ring.<\/p>\n                    <\/div>\n    <\/div>\n<\/div><div class=\"qode-workflow-item\">\n    <span class=\"line\" style=\"background-color:#036b31;\"><\/span>\n    <div class=\"qode-workflow-item-inner reverse\">\n        <div class=\"qode-workflow-image right\">\n                    <\/div>\n        <div class=\"qode-workflow-text\">\n            <span class=\"circle\" style=\"background-color:#036b31;\"><\/span>\n                            <h2>2014<\/h2>\n                                        <h3 class=\"qode-workflow-subtitle\">Josef II. Erl<\/h3>\n                                        <p class=\"text\">Seit dem 01.11.2014 unterst\u00fctzt Josef II. Erl, der seine Ausbildung zum Diplom-Braumeister in Weihenstephan im Fr\u00fchjahr 2015 abgeschlossen hat, seinen Vater Ludwig III. Erl und seinen Onkel G\u00fcnter Erl bei der Erhaltung niederbayerischer Braukunst sowie in allen notwendigen Bereichen. Parallel steigt Christopher Erl als Koch im Brauereigasthof ein.<\/p>\n                    <\/div>\n    <\/div>\n<\/div><div class=\"qode-workflow-item\">\n    <span class=\"line\" style=\"background-color:#036b31;\"><\/span>\n    <div class=\"qode-workflow-item-inner \">\n        <div class=\"qode-workflow-image left\">\n            <img loading=\"lazy\" decoding=\"async\" width=\"500\" height=\"734\" src=\"https:\/\/i0.wp.com\/www.erl-braeu.de\/brauerei\/wp-content\/uploads\/2020\/04\/Ludwig_III_Erl.jpg?fit=500%2C734&amp;ssl=1\" class=\"attachment-full size-full\" alt=\"\" srcset=\"https:\/\/i0.wp.com\/www.erl-braeu.de\/brauerei\/wp-content\/uploads\/2020\/04\/Ludwig_III_Erl.jpg?w=500&amp;ssl=1 500w, https:\/\/i0.wp.com\/www.erl-braeu.de\/brauerei\/wp-content\/uploads\/2020\/04\/Ludwig_III_Erl.jpg?resize=204%2C300&amp;ssl=1 204w\" sizes=\"auto, (max-width: 500px) 100vw, 500px\" \/>        <\/div>\n        <div class=\"qode-workflow-text\">\n            <span class=\"circle\" style=\"background-color:#036b31;\"><\/span>\n                            <h2>1998<\/h2>\n                                        <h3 class=\"qode-workflow-subtitle\">Ludwig III. Erl<\/h3>\n                                        <p class=\"text\">Seit dem 01.01.1998 f\u00fchrt Diplom-Braumeister Ludwig III. Erl, die private Landbrauerei in Geiselh\u00f6ring. Als einer von den ersten f\u00fchrte er die traditionelle B\u00fcgelfasche wieder ein und sorgte mit den offenen G\u00e4rbottichen, der ruhigen und langen G\u00e4rung und Lagerung, sowie dem Verzicht auf W\u00e4rmebehandlung bei unseren Bieren f\u00fcr den Erhalt des traditionellen Brauhandwerks in unserer Brauerei und f\u00fcr den besonderen Geschmack unser Erlk\u00f6nig Biere. Zus\u00e4tzlich f\u00fchrt der gelernte Koch mit seiner Frau Ursula Erl den Brauereigasthof Erl-Br\u00e4u.<\/p>\n                    <\/div>\n    <\/div>\n<\/div><div class=\"qode-workflow-item\">\n    <span class=\"line\" style=\"background-color:#036b31;\"><\/span>\n    <div class=\"qode-workflow-item-inner reverse\">\n        <div class=\"qode-workflow-image right\">\n            <img loading=\"lazy\" decoding=\"async\" width=\"600\" height=\"800\" src=\"https:\/\/i0.wp.com\/www.erl-braeu.de\/brauerei\/wp-content\/uploads\/2020\/04\/Ludwig_II_Erl.jpg?fit=600%2C800&amp;ssl=1\" class=\"attachment-full size-full\" alt=\"\" srcset=\"https:\/\/i0.wp.com\/www.erl-braeu.de\/brauerei\/wp-content\/uploads\/2020\/04\/Ludwig_II_Erl.jpg?w=600&amp;ssl=1 600w, https:\/\/i0.wp.com\/www.erl-braeu.de\/brauerei\/wp-content\/uploads\/2020\/04\/Ludwig_II_Erl.jpg?resize=225%2C300&amp;ssl=1 225w\" sizes=\"auto, (max-width: 600px) 100vw, 600px\" \/>        <\/div>\n        <div class=\"qode-workflow-text\">\n            <span class=\"circle\" style=\"background-color:#036b31;\"><\/span>\n                            <h2>1962<\/h2>\n                                        <h3 class=\"qode-workflow-subtitle\">Ludwig II. Erl<\/h3>\n                                        <p class=\"text\">Ab dem 01.07.1962 leitete Ludwig II. Erl, geb. am 18.07.1925, die Brauerei bis zum 31.12.1997. Diese Jahre waren gepr\u00e4gt durch einen enormen Aufschwung der Brauerei. S\u00e4mtliche Brauereianlagen wurden neu gebaut, erweitert und der Aussto\u00df kontinuierlich gesteigert. Er verstarb am 2. Oktober 2007.<\/p>\n                    <\/div>\n    <\/div>\n<\/div><div class=\"qode-workflow-item\">\n    <span class=\"line\" style=\"background-color:#036b31;\"><\/span>\n    <div class=\"qode-workflow-item-inner \">\n        <div class=\"qode-workflow-image left\">\n            <img loading=\"lazy\" decoding=\"async\" width=\"600\" height=\"800\" src=\"https:\/\/i0.wp.com\/www.erl-braeu.de\/brauerei\/wp-content\/uploads\/2020\/04\/Josef_Erl-1.jpg?fit=600%2C800&amp;ssl=1\" class=\"attachment-full size-full\" alt=\"\" srcset=\"https:\/\/i0.wp.com\/www.erl-braeu.de\/brauerei\/wp-content\/uploads\/2020\/04\/Josef_Erl-1.jpg?w=600&amp;ssl=1 600w, https:\/\/i0.wp.com\/www.erl-braeu.de\/brauerei\/wp-content\/uploads\/2020\/04\/Josef_Erl-1.jpg?resize=225%2C300&amp;ssl=1 225w\" sizes=\"auto, (max-width: 600px) 100vw, 600px\" \/>        <\/div>\n        <div class=\"qode-workflow-text\">\n            <span class=\"circle\" style=\"background-color:#036b31;\"><\/span>\n                            <h2>1924<\/h2>\n                                        <h3 class=\"qode-workflow-subtitle\">Josef I. Erl<\/h3>\n                                        <p class=\"text\">Im Jahre 1924 \u00fcbernahm dann Josef I. Erl, geb. am 18.3.1896, die v\u00e4terliche Brauerei. Josef Erl f\u00fchrte die Brauerei Erl zusammen mit seiner Ehefrau Wallburga bis zu seinem Tode am 12.10.1961. In dieser Zeit wurden weitere Gastwirtschaften erworben. Der Brauereigasthof in Geiselh\u00f6ring wurde unter der Leitung von Wallburga Erl zu einem der f\u00fchrenden Gasth\u00f6fe Niederbayerns.<\/p>\n                    <\/div>\n    <\/div>\n<\/div><div class=\"qode-workflow-item\">\n    <span class=\"line\" style=\"background-color:#036b31;\"><\/span>\n    <div class=\"qode-workflow-item-inner reverse\">\n        <div class=\"qode-workflow-image right\">\n            <img loading=\"lazy\" decoding=\"async\" width=\"800\" height=\"574\" src=\"https:\/\/i0.wp.com\/www.erl-braeu.de\/brauerei\/wp-content\/uploads\/2020\/04\/Brauerei_1904.jpg?fit=800%2C574&amp;ssl=1\" class=\"attachment-full size-full\" alt=\"\" srcset=\"https:\/\/i0.wp.com\/www.erl-braeu.de\/brauerei\/wp-content\/uploads\/2020\/04\/Brauerei_1904.jpg?w=800&amp;ssl=1 800w, https:\/\/i0.wp.com\/www.erl-braeu.de\/brauerei\/wp-content\/uploads\/2020\/04\/Brauerei_1904.jpg?resize=300%2C215&amp;ssl=1 300w, https:\/\/i0.wp.com\/www.erl-braeu.de\/brauerei\/wp-content\/uploads\/2020\/04\/Brauerei_1904.jpg?resize=768%2C551&amp;ssl=1 768w, https:\/\/i0.wp.com\/www.erl-braeu.de\/brauerei\/wp-content\/uploads\/2020\/04\/Brauerei_1904.jpg?resize=700%2C502&amp;ssl=1 700w\" sizes=\"auto, (max-width: 800px) 100vw, 800px\" \/>        <\/div>\n        <div class=\"qode-workflow-text\">\n            <span class=\"circle\" style=\"background-color:#036b31;\"><\/span>\n                            <h2>1901<\/h2>\n                                        <h3 class=\"qode-workflow-subtitle\">Neubau der Brauerei in der Straubingerstra\u00dfe 10<\/h3>\n                                        <p class=\"text\">1901 siedelte die Brauerei Erl vom Stadtplatz an die Straubingerstra\u00dfe, den heutigen Standort.<\/p>\n                    <\/div>\n    <\/div>\n<\/div><div class=\"qode-workflow-item\">\n    <span class=\"line\" style=\"background-color:#036b31;\"><\/span>\n    <div class=\"qode-workflow-item-inner \">\n        <div class=\"qode-workflow-image left\">\n            <img loading=\"lazy\" decoding=\"async\" width=\"600\" height=\"800\" src=\"https:\/\/i0.wp.com\/www.erl-braeu.de\/brauerei\/wp-content\/uploads\/2020\/04\/Ludwig_I_Erl_2.jpg?fit=600%2C800&amp;ssl=1\" class=\"attachment-full size-full\" alt=\"\" srcset=\"https:\/\/i0.wp.com\/www.erl-braeu.de\/brauerei\/wp-content\/uploads\/2020\/04\/Ludwig_I_Erl_2.jpg?w=600&amp;ssl=1 600w, https:\/\/i0.wp.com\/www.erl-braeu.de\/brauerei\/wp-content\/uploads\/2020\/04\/Ludwig_I_Erl_2.jpg?resize=225%2C300&amp;ssl=1 225w\" sizes=\"auto, (max-width: 600px) 100vw, 600px\" \/>        <\/div>\n        <div class=\"qode-workflow-text\">\n            <span class=\"circle\" style=\"background-color:#036b31;\"><\/span>\n                            <h2>1891<\/h2>\n                                        <h3 class=\"qode-workflow-subtitle\">Ludwig I. Erl<\/h3>\n                                        <p class=\"text\">Ludwig I. Erl, geb. am 18.06.1858 als F\u00fcnftes von 15 Kindern, \u00fcbernahm 1891 von seiner Mutter Helene Erl die Brauerei und die zugeh\u00f6rigen Gastwirtschaften. Ludwig Erl leitete die Brauerei bis zu seinem Tode am 25.12.1918.<\/p>\n                    <\/div>\n    <\/div>\n<\/div><div class=\"qode-workflow-item\">\n    <span class=\"line\" style=\"background-color:#036b31;\"><\/span>\n    <div class=\"qode-workflow-item-inner reverse\">\n        <div class=\"qode-workflow-image right\">\n            <img loading=\"lazy\" decoding=\"async\" width=\"800\" height=\"488\" src=\"https:\/\/i0.wp.com\/www.erl-braeu.de\/brauerei\/wp-content\/uploads\/2020\/04\/Stammhaus_1920.jpg?fit=800%2C488&amp;ssl=1\" class=\"attachment-full size-full\" alt=\"\" srcset=\"https:\/\/i0.wp.com\/www.erl-braeu.de\/brauerei\/wp-content\/uploads\/2020\/04\/Stammhaus_1920.jpg?w=800&amp;ssl=1 800w, https:\/\/i0.wp.com\/www.erl-braeu.de\/brauerei\/wp-content\/uploads\/2020\/04\/Stammhaus_1920.jpg?resize=300%2C183&amp;ssl=1 300w, https:\/\/i0.wp.com\/www.erl-braeu.de\/brauerei\/wp-content\/uploads\/2020\/04\/Stammhaus_1920.jpg?resize=768%2C468&amp;ssl=1 768w, https:\/\/i0.wp.com\/www.erl-braeu.de\/brauerei\/wp-content\/uploads\/2020\/04\/Stammhaus_1920.jpg?resize=700%2C427&amp;ssl=1 700w\" sizes=\"auto, (max-width: 800px) 100vw, 800px\" \/>        <\/div>\n        <div class=\"qode-workflow-text\">\n            <span class=\"circle\" style=\"background-color:#036b31;\"><\/span>\n                            <h2>1871<\/h2>\n                                        <h3 class=\"qode-workflow-subtitle\">Gr\u00fcndung der Brauerei durch Ulrich II. Erl<\/h3>\n                                        <p class=\"text\">Ulrich II. Erl, geb. 27.03.1831, war das zuletzt geborene Kind von insgesamt 11 Kindern. Dieser studierte in Metten und \u00fcbernahm 1848 den elterlichen Hof. Ulrich Erl war sehr gesch\u00e4ftst\u00fcchtig und erwarb 1860 die M\u00fchle in Hadersbach. 1871 erwarb er die Brauerei Mayer seines Schwagers, gegr\u00fcndet 1852 in Geiselh\u00f6ring. In dieser Zeit wurde er auch zum Abgeordneten als Mitglied der Patriotenpartei, des bayrischen Landtags gew\u00e4hlt. Bis zu seinem Tode am 06.03.1883 vergr\u00f6\u00dferte er die Brauerei kontinuierlich und erwarb Bierlieferungsrechte und Gastwirtschaften. Er repr\u00e4sentierte gleichzeitig die achte Familiengeneration und die erste Brauereigeneration als Erl-Br\u00e4u von Geiselh\u00f6ring. Bis hierhin war die Familie nur in der Landwirtschaft und dem Schmiedehandwerk t\u00e4tig.<\/p>\n                    <\/div>\n    <\/div>\n<\/div><div class=\"qode-workflow-item\">\n    <span class=\"line\" style=\"background-color:#aaaaaa;\"><\/span>\n    <div class=\"qode-workflow-item-inner reverse\">\n        <div class=\"qode-workflow-image left\">\n                    <\/div>\n        <div class=\"qode-workflow-text\">\n            <span class=\"circle\" style=\"background-color:#aaaaaa;\"><\/span>\n                            <h2>1583<\/h2>\n                                        <h3 class=\"qode-workflow-subtitle\">Valentin Erl, Hufschmied von Holzhausen<\/h3>\n                                        <p class=\"text\">Die erste fassbare Wurzel der Familie Erl reicht bis ins Jahr 1583 zur\u00fcck. 1583 ist der erste Erl, n\u00e4mlich Valentin Erl, zum ersten Mal urkundlich nachgewiesen. Seine urkundliche Bezeugung ist den Auswirkungen der Gegenreformation zu verdanken. Bayern, das eine f\u00fchrende Rolle in der Gegenreformation spielte, r\u00fcstete zum Krieg gegen Kurk\u00f6ln. Im Musterungsbericht von 1583 hei\u00dft es: ``Valentin Erl, junger, starker Hufschmied von Holzhausen, ausger\u00fcstet mit Degen und Spie\u00df.``<\/p>\n                    <\/div>\n    <\/div>\n<\/div><\/div>[\/vc_column][\/vc_row]<\/p>\n<\/div>","protected":false},"excerpt":{"rendered":"<p>[vc_row css_animation=&#8220;&#8220; row_type=&#8220;row&#8220; use_row_as_full_screen_section=&#8220;no&#8220; type=&#8220;full_width&#8220; angled_section=&#8220;no&#8220; text_align=&#8220;left&#8220; background_image_as_pattern=&#8220;without_pattern&#8220;][vc_column][\/vc_column][\/vc_row]<\/p>\n","protected":false},"author":1,"featured_media":0,"parent":0,"menu_order":0,"comment_status":"closed","ping_status":"closed","template":"","meta":{"footnotes":""},"class_list":["post-15280","page","type-page","status-publish","hentry"],"yoast_head":"<!-- This site is optimized with the Yoast SEO plugin v27.3 - https:\/\/yoast.com\/product\/yoast-seo-wordpress\/ -->\n<title>Familientradition | Erl-Br\u00e4u Geschichte seit 1583<\/title>\n<meta name=\"description\" content=\"Von Valentin Erl 1583 bis zur 6. Braugeneration heute \u2013 die Geschichte der Familienbrauerei Erl-Br\u00e4u in Geiselh\u00f6ring.\" \/>\n<meta name=\"robots\" content=\"index, follow, max-snippet:-1, max-image-preview:large, max-video-preview:-1\" \/>\n<link rel=\"canonical\" href=\"https:\/\/www.erl-braeu.de\/brauerei\/tradition\/\" \/>\n<meta property=\"og:locale\" content=\"de_DE\" \/>\n<meta property=\"og:type\" content=\"article\" \/>\n<meta property=\"og:title\" content=\"Familientradition | Erl-Br\u00e4u Geschichte seit 1583\" \/>\n<meta property=\"og:description\" content=\"Von Valentin Erl 1583 bis zur 6. Braugeneration heute \u2013 die Geschichte der Familienbrauerei Erl-Br\u00e4u in Geiselh\u00f6ring.\" \/>\n<meta property=\"og:url\" content=\"https:\/\/www.erl-braeu.de\/brauerei\/tradition\/\" \/>\n<meta property=\"og:site_name\" content=\"ERL-Br\u00e4u\" \/>\n<meta property=\"article:publisher\" content=\"https:\/\/www.facebook.com\/erl.braeu\/\" \/>\n<meta property=\"article:modified_time\" content=\"2026-04-09T11:22:37+00:00\" \/>\n<meta property=\"og:image\" content=\"https:\/\/i0.wp.com\/www.erl-braeu.de\/brauerei\/wp-content\/uploads\/2020\/05\/200513_Bierdahoam.jpg?fit=500%2C500&ssl=1\" \/>\n\t<meta property=\"og:image:width\" content=\"500\" \/>\n\t<meta property=\"og:image:height\" content=\"500\" \/>\n\t<meta property=\"og:image:type\" content=\"image\/jpeg\" \/>\n<meta name=\"twitter:card\" content=\"summary_large_image\" \/>\n<meta name=\"twitter:label1\" content=\"Gesch\u00e4tzte Lesezeit\" \/>\n\t<meta name=\"twitter:data1\" content=\"6\u00a0Minuten\" \/>\n<script type=\"application\/ld+json\" class=\"yoast-schema-graph\">{\"@context\":\"https:\\\/\\\/schema.org\",\"@graph\":[{\"@type\":\"WebPage\",\"@id\":\"https:\\\/\\\/www.erl-braeu.de\\\/brauerei\\\/tradition\\\/\",\"url\":\"https:\\\/\\\/www.erl-braeu.de\\\/brauerei\\\/tradition\\\/\",\"name\":\"Familientradition | Erl-Br\u00e4u Geschichte seit 1583\",\"isPartOf\":{\"@id\":\"https:\\\/\\\/www.erl-braeu.de\\\/brauerei\\\/#website\"},\"datePublished\":\"2020-04-23T19:00:24+00:00\",\"dateModified\":\"2026-04-09T11:22:37+00:00\",\"description\":\"Von Valentin Erl 1583 bis zur 6. Braugeneration heute \u2013 die Geschichte der Familienbrauerei Erl-Br\u00e4u in Geiselh\u00f6ring.\",\"inLanguage\":\"de\",\"potentialAction\":[{\"@type\":\"ReadAction\",\"target\":[\"https:\\\/\\\/www.erl-braeu.de\\\/brauerei\\\/tradition\\\/\"]}]},{\"@type\":\"WebSite\",\"@id\":\"https:\\\/\\\/www.erl-braeu.de\\\/brauerei\\\/#website\",\"url\":\"https:\\\/\\\/www.erl-braeu.de\\\/brauerei\\\/\",\"name\":\"ERL-Br\u00e4u\",\"description\":\"Der landfrische Biergenuss - Erlk\u00f6nig seit 1871\",\"publisher\":{\"@id\":\"https:\\\/\\\/www.erl-braeu.de\\\/brauerei\\\/#organization\"},\"potentialAction\":[{\"@type\":\"SearchAction\",\"target\":{\"@type\":\"EntryPoint\",\"urlTemplate\":\"https:\\\/\\\/www.erl-braeu.de\\\/brauerei\\\/?s={search_term_string}\"},\"query-input\":{\"@type\":\"PropertyValueSpecification\",\"valueRequired\":true,\"valueName\":\"search_term_string\"}}],\"inLanguage\":\"de\"},{\"@type\":\"Organization\",\"@id\":\"https:\\\/\\\/www.erl-braeu.de\\\/brauerei\\\/#organization\",\"name\":\"Erl-Br\u00e4u GmbH & Co. KG\",\"url\":\"https:\\\/\\\/www.erl-braeu.de\",\"logo\":{\"@type\":\"ImageObject\",\"url\":\"https:\\\/\\\/www.erl-braeu.de\\\/brauerei\\\/wp-content\\\/uploads\\\/erl-braeu-logo.png\"},\"image\":\"https:\\\/\\\/www.erl-braeu.de\\\/brauerei\\\/wp-content\\\/uploads\\\/erl-braeu-logo.png\",\"sameAs\":[\"https:\\\/\\\/www.facebook.com\\\/erl.braeu\\\/\",\"https:\\\/\\\/www.instagram.com\\\/erl.braeu\\\/\",\"https:\\\/\\\/maps.google.com\\\/?cid=8752043724154341985\",\"https:\\\/\\\/de.wikipedia.org\\\/wiki\\\/Erl-Br%C3%A4u\"],\"legalName\":\"Erl-Br\u00e4u GmbH & Co. KG\",\"description\":\"Bayerische Privatbrauerei in Geiselh\u00f6ring. Handwerklich gebraute Erlk\u00f6nig-Biere seit 1871 \u2013 Hell, Weisse, Festbier, Imperator und mehr.\",\"foundingDate\":\"1871\",\"telephone\":\"+49942394170\",\"address\":{\"@type\":\"PostalAddress\",\"streetAddress\":\"Straubinger Stra\u00dfe 10\",\"addressLocality\":\"Geiselh\u00f6ring\",\"postalCode\":\"94333\",\"addressRegion\":\"BY\",\"addressCountry\":\"DE\"},\"contactPoint\":{\"@type\":\"ContactPoint\",\"telephone\":\"+49942394170\",\"contactType\":\"customer service\",\"availableLanguage\":\"de\",\"areaServed\":\"DE\"},\"knowsAbout\":[\"Bierbrauen\",\"Bayerisches Bier\",\"Hefeweizen\",\"Helles\",\"Doppelbock\",\"Festbier\",\"Privatbrauerei\",\"Bayerisches Reinheitsgebot\"],\"areaServed\":{\"@type\":\"AdministrativeArea\",\"name\":\"Niederbayern\"}}]}<\/script>\n<!-- \/ Yoast SEO plugin. -->","yoast_head_json":{"title":"Familientradition | Erl-Br\u00e4u Geschichte seit 1583","description":"Von Valentin Erl 1583 bis zur 6. Braugeneration heute \u2013 die Geschichte der Familienbrauerei Erl-Br\u00e4u in Geiselh\u00f6ring.","robots":{"index":"index","follow":"follow","max-snippet":"max-snippet:-1","max-image-preview":"max-image-preview:large","max-video-preview":"max-video-preview:-1"},"canonical":"https:\/\/www.erl-braeu.de\/brauerei\/tradition\/","og_locale":"de_DE","og_type":"article","og_title":"Familientradition | Erl-Br\u00e4u Geschichte seit 1583","og_description":"Von Valentin Erl 1583 bis zur 6. Braugeneration heute \u2013 die Geschichte der Familienbrauerei Erl-Br\u00e4u in Geiselh\u00f6ring.","og_url":"https:\/\/www.erl-braeu.de\/brauerei\/tradition\/","og_site_name":"ERL-Br\u00e4u","article_publisher":"https:\/\/www.facebook.com\/erl.braeu\/","article_modified_time":"2026-04-09T11:22:37+00:00","og_image":[{"width":500,"height":500,"url":"https:\/\/i0.wp.com\/www.erl-braeu.de\/brauerei\/wp-content\/uploads\/2020\/05\/200513_Bierdahoam.jpg?fit=500%2C500&ssl=1","type":"image\/jpeg"}],"twitter_card":"summary_large_image","twitter_misc":{"Gesch\u00e4tzte Lesezeit":"6\u00a0Minuten"},"schema":{"@context":"https:\/\/schema.org","@graph":[{"@type":"WebPage","@id":"https:\/\/www.erl-braeu.de\/brauerei\/tradition\/","url":"https:\/\/www.erl-braeu.de\/brauerei\/tradition\/","name":"Familientradition | Erl-Br\u00e4u Geschichte seit 1583","isPartOf":{"@id":"https:\/\/www.erl-braeu.de\/brauerei\/#website"},"datePublished":"2020-04-23T19:00:24+00:00","dateModified":"2026-04-09T11:22:37+00:00","description":"Von Valentin Erl 1583 bis zur 6. Braugeneration heute \u2013 die Geschichte der Familienbrauerei Erl-Br\u00e4u in Geiselh\u00f6ring.","inLanguage":"de","potentialAction":[{"@type":"ReadAction","target":["https:\/\/www.erl-braeu.de\/brauerei\/tradition\/"]}]},{"@type":"WebSite","@id":"https:\/\/www.erl-braeu.de\/brauerei\/#website","url":"https:\/\/www.erl-braeu.de\/brauerei\/","name":"ERL-Br\u00e4u","description":"Der landfrische Biergenuss - Erlk\u00f6nig seit 1871","publisher":{"@id":"https:\/\/www.erl-braeu.de\/brauerei\/#organization"},"potentialAction":[{"@type":"SearchAction","target":{"@type":"EntryPoint","urlTemplate":"https:\/\/www.erl-braeu.de\/brauerei\/?s={search_term_string}"},"query-input":{"@type":"PropertyValueSpecification","valueRequired":true,"valueName":"search_term_string"}}],"inLanguage":"de"},{"@type":"Organization","@id":"https:\/\/www.erl-braeu.de\/brauerei\/#organization","name":"Erl-Br\u00e4u GmbH & Co. KG","url":"https:\/\/www.erl-braeu.de","logo":{"@type":"ImageObject","url":"https:\/\/www.erl-braeu.de\/brauerei\/wp-content\/uploads\/erl-braeu-logo.png"},"image":"https:\/\/www.erl-braeu.de\/brauerei\/wp-content\/uploads\/erl-braeu-logo.png","sameAs":["https:\/\/www.facebook.com\/erl.braeu\/","https:\/\/www.instagram.com\/erl.braeu\/","https:\/\/maps.google.com\/?cid=8752043724154341985","https:\/\/de.wikipedia.org\/wiki\/Erl-Br%C3%A4u"],"legalName":"Erl-Br\u00e4u GmbH & Co. KG","description":"Bayerische Privatbrauerei in Geiselh\u00f6ring. Handwerklich gebraute Erlk\u00f6nig-Biere seit 1871 \u2013 Hell, Weisse, Festbier, Imperator und mehr.","foundingDate":"1871","telephone":"+49942394170","address":{"@type":"PostalAddress","streetAddress":"Straubinger Stra\u00dfe 10","addressLocality":"Geiselh\u00f6ring","postalCode":"94333","addressRegion":"BY","addressCountry":"DE"},"contactPoint":{"@type":"ContactPoint","telephone":"+49942394170","contactType":"customer service","availableLanguage":"de","areaServed":"DE"},"knowsAbout":["Bierbrauen","Bayerisches Bier","Hefeweizen","Helles","Doppelbock","Festbier","Privatbrauerei","Bayerisches Reinheitsgebot"],"areaServed":{"@type":"AdministrativeArea","name":"Niederbayern"}}]}},"jetpack-related-posts":[],"jetpack_sharing_enabled":true,"_links":{"self":[{"href":"https:\/\/www.erl-braeu.de\/brauerei\/wp-json\/wp\/v2\/pages\/15280","targetHints":{"allow":["GET"]}}],"collection":[{"href":"https:\/\/www.erl-braeu.de\/brauerei\/wp-json\/wp\/v2\/pages"}],"about":[{"href":"https:\/\/www.erl-braeu.de\/brauerei\/wp-json\/wp\/v2\/types\/page"}],"author":[{"embeddable":true,"href":"https:\/\/www.erl-braeu.de\/brauerei\/wp-json\/wp\/v2\/users\/1"}],"replies":[{"embeddable":true,"href":"https:\/\/www.erl-braeu.de\/brauerei\/wp-json\/wp\/v2\/comments?post=15280"}],"version-history":[{"count":5,"href":"https:\/\/www.erl-braeu.de\/brauerei\/wp-json\/wp\/v2\/pages\/15280\/revisions"}],"predecessor-version":[{"id":19280,"href":"https:\/\/www.erl-braeu.de\/brauerei\/wp-json\/wp\/v2\/pages\/15280\/revisions\/19280"}],"wp:attachment":[{"href":"https:\/\/www.erl-braeu.de\/brauerei\/wp-json\/wp\/v2\/media?parent=15280"}],"curies":[{"name":"wp","href":"https:\/\/api.w.org\/{rel}","templated":true}]}}